{"id":6,"date":"2020-05-28T17:09:37","date_gmt":"2020-05-28T15:09:37","guid":{"rendered":"http:\/\/garagelocars.fr\/?page_id=6"},"modified":"2020-08-04T18:48:36","modified_gmt":"2020-08-04T16:48:36","slug":"le-nouveau-e-mucem-ouvre-ses-portes-2","status":"publish","type":"page","link":"https:\/\/garagelocars.fr\/","title":{"rendered":""},"content":{"rendered":"\n<div class=\"wp-block-group alignwide\"><div class=\"wp-block-group__inner-container is-layout-flow wp-block-group-is-layout-flow\">\n<h2 class=\"has-text-align-center wp-block-heading\">Atelier de r\u00e9paration automobile \u00e0 Gilly-sur-Is\u00e8re<\/h2>\n<\/div><\/div>\n\n\n\n<div class=\"wp-block-columns alignwide is-layout-flex wp-container-core-columns-is-layout-1 wp-block-columns-is-layout-flex\">\n<div class=\"wp-block-column is-layout-flow wp-block-column-is-layout-flow\">\n<div class=\"wp-block-group\"><div class=\"wp-block-group__inner-container is-layout-flow wp-block-group-is-layout-flow\">\n<div class=\"wp-block-image\"><figure class=\"aligncenter size-large\"><img loading=\"lazy\" decoding=\"async\" width=\"760\" height=\"447\" src=\"http:\/\/garagelocars.fr\/wp-content\/uploads\/2020\/06\/Capture-d\u2019\u00e9cran-2020-06-21-\u00e0-20.47.59.png\" alt=\"\" class=\"wp-image-175\" srcset=\"https:\/\/garagelocars.fr\/wp-content\/uploads\/2020\/06\/Capture-d\u2019\u00e9cran-2020-06-21-\u00e0-20.47.59.png 760w, https:\/\/garagelocars.fr\/wp-content\/uploads\/2020\/06\/Capture-d\u2019\u00e9cran-2020-06-21-\u00e0-20.47.59-300x176.png 300w\" sizes=\"(max-width: 760px) 100vw, 760px\" \/><\/figure><\/div>\n\n\n\n<h3 class=\"has-text-align-center wp-block-heading\">LOCA RS<\/h3>\n\n\n\n<p class=\"has-text-align-center\">Garage automobile<\/p>\n\n\n\n<div class=\"wp-block-button aligncenter is-style-outline is-style-outline--f96b6c2b35626e2701bf22e2a7805886\"><a class=\"wp-block-button__link has-text-color\" href=\"http:\/\/garagelocars.fr\/?page_id=38\" style=\"color:#cc3333\">En savoir plus<\/a><\/div>\n<\/div><\/div>\n\n\n\n<figure class=\"wp-block-image size-large\"><img loading=\"lazy\" decoding=\"async\" width=\"761\" height=\"447\" src=\"http:\/\/garagelocars.fr\/wp-content\/uploads\/2020\/06\/Capture-d\u2019\u00e9cran-2020-06-21-\u00e0-20.49.02.png\" alt=\"\" class=\"wp-image-177\" srcset=\"https:\/\/garagelocars.fr\/wp-content\/uploads\/2020\/06\/Capture-d\u2019\u00e9cran-2020-06-21-\u00e0-20.49.02.png 761w, https:\/\/garagelocars.fr\/wp-content\/uploads\/2020\/06\/Capture-d\u2019\u00e9cran-2020-06-21-\u00e0-20.49.02-300x176.png 300w\" sizes=\"(max-width: 761px) 100vw, 761px\" \/><\/figure>\n\n\n\n<div class=\"wp-block-group\"><div class=\"wp-block-group__inner-container is-layout-flow wp-block-group-is-layout-flow\">\n<h3 class=\"has-text-align-center wp-block-heading\">M\u00e9canique<\/h3>\n\n\n\n<p class=\"has-text-align-center\">R\u00e9paration<\/p>\n\n\n\n<div class=\"wp-block-buttons aligncenter is-layout-flex wp-block-buttons-is-layout-flex\">\n<div class=\"wp-block-button is-style-outline is-style-outline--bdbfe049b1a81f809e4ab8a4dcd13ef5\"><a class=\"wp-block-button__link has-text-color\" href=\"http:\/\/garagelocars.fr\/?page_id=92\" style=\"color:#cc3333\">en savoir plus<\/a><\/div>\n<\/div>\n\n\n\n<figure class=\"wp-block-image size-large\"><img loading=\"lazy\" decoding=\"async\" width=\"711\" height=\"419\" src=\"http:\/\/garagelocars.fr\/wp-content\/uploads\/2020\/06\/Capture-d\u2019\u00e9cran-2020-06-21-\u00e0-21.04.46.png\" alt=\"\" class=\"wp-image-182\" srcset=\"https:\/\/garagelocars.fr\/wp-content\/uploads\/2020\/06\/Capture-d\u2019\u00e9cran-2020-06-21-\u00e0-21.04.46.png 711w, https:\/\/garagelocars.fr\/wp-content\/uploads\/2020\/06\/Capture-d\u2019\u00e9cran-2020-06-21-\u00e0-21.04.46-300x177.png 300w\" sizes=\"(max-width: 711px) 100vw, 711px\" \/><\/figure>\n\n\n\n<h3 class=\"has-text-align-center wp-block-heading\">Restauration <\/h3>\n\n\n\n<p class=\"has-text-align-center\">V\u00e9hicule, phare &#8230;<\/p>\n\n\n\n<div class=\"wp-block-button aligncenter is-style-outline is-style-outline--bb2cf8cfe698713785b382770a74cd34\"><a class=\"wp-block-button__link has-text-color\" href=\"http:\/\/garagelocars.fr\/?page_id=107\" style=\"color:#cc3333\">en savoir plus<\/a><\/div>\n<\/div><\/div>\n<\/div>\n\n\n\n<div class=\"wp-block-column is-layout-flow wp-block-column-is-layout-flow\">\n<div class=\"wp-block-group\"><div class=\"wp-block-group__inner-container is-layout-flow wp-block-group-is-layout-flow\">\n<div class=\"wp-block-image\"><figure class=\"aligncenter size-large\"><img loading=\"lazy\" decoding=\"async\" width=\"760\" height=\"448\" src=\"http:\/\/garagelocars.fr\/wp-content\/uploads\/2020\/06\/Capture-d\u2019\u00e9cran-2020-06-21-\u00e0-20.48.35.png\" alt=\"\" class=\"wp-image-176\" srcset=\"https:\/\/garagelocars.fr\/wp-content\/uploads\/2020\/06\/Capture-d\u2019\u00e9cran-2020-06-21-\u00e0-20.48.35.png 760w, https:\/\/garagelocars.fr\/wp-content\/uploads\/2020\/06\/Capture-d\u2019\u00e9cran-2020-06-21-\u00e0-20.48.35-300x177.png 300w\" sizes=\"(max-width: 760px) 100vw, 760px\" \/><\/figure><\/div>\n\n\n\n<h3 class=\"has-text-align-center wp-block-heading\">Carrosserie<\/h3>\n\n\n\n<p class=\"has-text-align-center\"> R\u00e9paration<\/p>\n\n\n\n<div class=\"wp-block-button aligncenter is-style-outline is-style-outline--4bab11cbad7032f3018231e02da1ba08\"><a class=\"wp-block-button__link has-text-color\" href=\"http:\/\/garagelocars.fr\/?page_id=98\" style=\"color:#cc3333\">en savoir plus<\/a><\/div>\n<\/div><\/div>\n\n\n\n<figure class=\"wp-block-image size-large\"><img loading=\"lazy\" decoding=\"async\" width=\"711\" height=\"420\" src=\"http:\/\/garagelocars.fr\/wp-content\/uploads\/2020\/06\/Capture-d\u2019\u00e9cran-2020-06-21-\u00e0-21.04.16.png\" alt=\"\" class=\"wp-image-181\" srcset=\"https:\/\/garagelocars.fr\/wp-content\/uploads\/2020\/06\/Capture-d\u2019\u00e9cran-2020-06-21-\u00e0-21.04.16.png 711w, https:\/\/garagelocars.fr\/wp-content\/uploads\/2020\/06\/Capture-d\u2019\u00e9cran-2020-06-21-\u00e0-21.04.16-300x177.png 300w\" sizes=\"(max-width: 711px) 100vw, 711px\" \/><\/figure>\n\n\n\n<div class=\"wp-block-group\"><div class=\"wp-block-group__inner-container is-layout-flow wp-block-group-is-layout-flow\">\n<h3 class=\"has-text-align-center wp-block-heading\">Pneumatique<\/h3>\n\n\n\n<p class=\"has-text-color has-text-align-center has-background-color\">;<\/p>\n\n\n\n<div class=\"wp-block-buttons aligncenter is-layout-flex wp-block-buttons-is-layout-flex\">\n<div class=\"wp-block-button is-style-outline is-style-outline--af24a747f80b83790f68699c697fee5a\"><a class=\"wp-block-button__link has-text-color\" href=\"http:\/\/garagelocars.fr\/?page_id=95\" style=\"color:#cc3333\">en savoir plus<\/a><\/div>\n<\/div>\n\n\n\n<figure class=\"wp-block-image size-large\"><img loading=\"lazy\" decoding=\"async\" width=\"748\" height=\"441\" src=\"http:\/\/garagelocars.fr\/wp-content\/uploads\/2020\/08\/Capture-d\u2019\u00e9cran-2020-08-04-\u00e0-18.46.53.png\" alt=\"\" class=\"wp-image-330\" srcset=\"https:\/\/garagelocars.fr\/wp-content\/uploads\/2020\/08\/Capture-d\u2019\u00e9cran-2020-08-04-\u00e0-18.46.53.png 748w, https:\/\/garagelocars.fr\/wp-content\/uploads\/2020\/08\/Capture-d\u2019\u00e9cran-2020-08-04-\u00e0-18.46.53-300x177.png 300w\" sizes=\"(max-width: 748px) 100vw, 748px\" \/><\/figure>\n\n\n\n<h3 class=\"has-text-align-center wp-block-heading\">Conciergerie<\/h3>\n\n\n\n<p class=\"has-text-color has-text-align-center has-background-color\">;<\/p>\n\n\n\n<div class=\"wp-block-button aligncenter is-style-outline is-style-outline--b747672f392e4faeb7ff1f6587e392b7\"><a class=\"wp-block-button__link has-text-color\" href=\"http:\/\/garagelocars.fr\/?page_id=247\" style=\"color:#cc3333\">en savoir plus<\/a><\/div>\n<\/div><\/div>\n\n\n\n<p><\/p>\n<\/div>\n<\/div>\n\n\n\n<div class=\"wp-block-columns is-layout-flex wp-container-core-columns-is-layout-2 wp-block-columns-is-layout-flex\">\n<div class=\"wp-block-column is-layout-flow wp-block-column-is-layout-flow\"><\/div>\n\n\n\n<div class=\"wp-block-column is-layout-flow wp-block-column-is-layout-flow\"><\/div>\n<\/div>\n\n\n\n<figure class=\"wp-block-image alignfull size-large\"><img loading=\"lazy\" decoding=\"async\" width=\"1024\" height=\"576\" src=\"http:\/\/garagelocars.fr\/wp-content\/uploads\/2020\/06\/MAX_0002-2-1024x576.jpg\" alt=\"\" class=\"wp-image-188\" srcset=\"https:\/\/garagelocars.fr\/wp-content\/uploads\/2020\/06\/MAX_0002-2-1024x576.jpg 1024w, https:\/\/garagelocars.fr\/wp-content\/uploads\/2020\/06\/MAX_0002-2-300x169.jpg 300w, https:\/\/garagelocars.fr\/wp-content\/uploads\/2020\/06\/MAX_0002-2-768x432.jpg 768w, https:\/\/garagelocars.fr\/wp-content\/uploads\/2020\/06\/MAX_0002-2-1536x864.jpg 1536w, https:\/\/garagelocars.fr\/wp-content\/uploads\/2020\/06\/MAX_0002-2-2048x1152.jpg 2048w, https:\/\/garagelocars.fr\/wp-content\/uploads\/2020\/06\/MAX_0002-2-1200x675.jpg 1200w, https:\/\/garagelocars.fr\/wp-content\/uploads\/2020\/06\/MAX_0002-2-1980x1114.jpg 1980w\" sizes=\"(max-width: 1024px) 100vw, 1024px\" \/><\/figure>\n\n\n\n<p><\/p>\n","protected":false},"excerpt":{"rendered":"<p>Atelier de r\u00e9paration automobile \u00e0 Gilly-sur-Is\u00e8re LOCA RS Garage automobile M\u00e9canique R\u00e9paration Restauration V\u00e9hicule, phare &#8230; Carrosserie R\u00e9paration Pneumatique ; Conciergerie ;<\/p>\n","protected":false},"author":1,"featured_media":312,"parent":0,"menu_order":0,"comment_status":"closed","ping_status":"closed","template":"","meta":{"footnotes":""},"class_list":["post-6","page","type-page","status-publish","has-post-thumbnail","hentry"],"_links":{"self":[{"href":"https:\/\/garagelocars.fr\/index.php?rest_route=\/wp\/v2\/pages\/6"}],"collection":[{"href":"https:\/\/garagelocars.fr\/index.php?rest_route=\/wp\/v2\/pages"}],"about":[{"href":"https:\/\/garagelocars.fr\/index.php?rest_route=\/wp\/v2\/types\/page"}],"author":[{"embeddable":true,"href":"https:\/\/garagelocars.fr\/index.php?rest_route=\/wp\/v2\/users\/1"}],"replies":[{"embeddable":true,"href":"https:\/\/garagelocars.fr\/index.php?rest_route=%2Fwp%2Fv2%2Fcomments&post=6"}],"version-history":[{"count":36,"href":"https:\/\/garagelocars.fr\/index.php?rest_route=\/wp\/v2\/pages\/6\/revisions"}],"predecessor-version":[{"id":333,"href":"https:\/\/garagelocars.fr\/index.php?rest_route=\/wp\/v2\/pages\/6\/revisions\/333"}],"wp:featuredmedia":[{"embeddable":true,"href":"https:\/\/garagelocars.fr\/index.php?rest_route=\/wp\/v2\/media\/312"}],"wp:attachment":[{"href":"https:\/\/garagelocars.fr\/index.php?rest_route=%2Fwp%2Fv2%2Fmedia&parent=6"}],"curies":[{"name":"wp","href":"https:\/\/api.w.org\/{rel}","templated":true}]}}